 d(c) = -6*h(c) + 13*q(c). What is d(0)?
11
Suppose 0 = -5*d - 10, -38*d = t - 35*d + 2. Let v(b) = -b + 8. What is v(t)?
4
Suppose 8 - 28 = -5*p. Suppose p*q + q = -10. Let z(c) = -7*c**2 + 2*c + 5*c**2 - 4*c. Determine z(q).
-4
Let l = -732 - -736. Let c(u) = u**3 - 4*u**2 + 2*u - 4. Calculate c(l).
4
Let p = -213 + 215. Let s(b) = 2*b**2 - b - 7. Let h(r) = 4*r**2 - r - 13. Let t(l) = 4*h(l) - 7*s(l). Give t(p).
11
Let r(w) = -w**3 + 8*w**2 - 3*w - 3. Let j = 1821 + -1814. Give r(j).
25
Let a(q) = 5*q - 11. Let y(l) = -l + 1. Let v(u) = -a(u) - 3*y(u). Suppose -12 = -0*i + 3*i. Let b be ((-16)/20)/(i/30). Determine v(b).
-4
Let m be (-1)/(39/9 + -4). Let a be (6/m - 2) + -5. Let f(g) = -g**3 - 8*g**2 + 10*g + 9. Calculate f(a).
0
Let y(i) = 5*i + 33. Let v be 43/172 - (-1 - (-99)/12). What is y(v)?
-2
Let q = 18 - 15. Suppose q = -0*s - s. Let a(r) = -3*r - 1. Determine a(s).
8
Let n(u) = -u**2 + 3*u + 4. Suppose -a + k - 4 = -0*a, 0 = -3*a - 5*k - 4. Let j(v) = -v**3 - 5*v**2 - 8*v - 1. Let m be j(a). Calculate n(m).
-6
Let s = 13 + -18. Let h(y) = y + 1. Let j(i) = -8*i - 5. Let q(x) = 4*x + 2. Let z(n) = -6*j(n) - 11*q(n). Let g(r) = 3*h(r) - z(r). Give g(s).
0
Let h(i) be the third derivative of -i**5/60 + i**4/24 + 10*i**3/3 + 22*i**2. Let r(j) be the first derivative of h(j). Determine r(-3).
7
Let g(u) = -u - 2 - 4 - 2. Let f(q) = -q**3 - 4*q**2 + 23*q + 85. Let n be f(-4). Calculate g(n).
-1
Let o(v) = 4*v + 7. Let j be o(-4). Let n = 13 + j. Let k(l) = l**2 - 4*l + 5. Give k(n).
5
Let a(g) = -g**3 + 15*g**2 + 14*g + 5. Let x(q) = -q**3 + 8*q**2 - 18*q + 52. Let r be x(6). What is a(r)?
-27
Let j(w) = -10*w - 9. Let x(l) = 5*l - 3. Let m(u) = 5*u - 1. Let g(t) = 4*m(t) - 3*x(t). Let a(h) = -5*g(h) - 3*j(h). Determine a(-2).
-8
Suppose -3*z - 312 = -29*z. Let q(u) = -u**3 + 12*u**2 - 2*u + 16. Give q(z).
-8
Let z(h) = -h**2 + 6*h - 4. Let n(l) be the first derivative of 2*l**4 - 4*l**3/3 + l**2 + 16. Let r be n(1). Give z(r).
-4
Let d(p) be the first derivative of -p**2 + 3*p - 63. Give d(1).
1
Let y(o) = 7*o**3 - 21*o**2 + 3*o - 33. Let j(c) = 3*c**3 - 9*c**2 + c - 15. Let h(n) = -5*j(n) + 2*y(n). Give h(4).
-3
Let t(m) = 2*m**2 + 4*m - 3. Let j(z) = z**2 + 2*z + 1. Let a(y) = j(y) - t(y). Give a(-5).
-11
Let g be 2 - 10/3 - 11/(-6). Let d(z) be the second derivative of 0 - 2*z**2 + z + g*z**3 - 1/12*z**4. Determine d(3).
-4
Let d(i) be the first derivative of i**4/4 + 10*i**3/3 - 11*i**2/2 + 12*i - 125. What is d(-11)?
12
Let o(p) = 4*p**2 + p - 2. Let q be 2/(-11) - ((-516)/(-66) + -6). Determine o(q).
12
Let a(j) = j + 8. Let m(x) be the third derivative of 5*x**4/24 + 13*x**3/2 - 21*x**2. Let t(z) = -11*a(z) + 2*m(z). What is t(7)?
-17
Let j = 3 + -6. Let i(m) = 5*m + 2. Let c(p) = -2*p - 1. Let a(k) = j*i(k) - 8*c(k). Let v be -10 + 10 + (-3 - 0). Determine a(v).
-1
Suppose -8*j + 6*j + 5*v + 5 = 0, 3*j = 4*v + 11. Let l(k) = 21*k**3 + k**2 - 1. Let r be l(1). Suppose 6 = j*z + r. Let i(x) = -2*x + 2. Calculate i(z).
8
Let v = -111 + 118. Let h(t) = 6*t**2 - 20*t**2 + 2*t**2 + v*t**2. Calculate h(-1).
-5
Let x(n) = 2*n**2 + n. Let c be -2*(30/(-4))/3. Suppose -s + c = 4. What is x(s)?
3
Let p(o) = 3 + 2*o**3 - 2*o**2 - o + 0*o**2 - 2*o. Let z(n) = -22*n + 60*n - 23*n - 17*n. Let a be z(-1). Calculate p(a).
5
Let v(f) = -f**3 - 9*f**2 - f - 6. Let a = 82 - 75. Suppose -4*c = t + 38, 6*c = a*c + 3*t + 15. Determine v(c).
3
Let o(w) = -w**3 - 4*w**2 - 4*w - 3. Let u be o(-2). Let i(q) be the first derivative of 2*q + 4 + 3/2*q**2. What is i(u)?
-7
Let z be 2*(-2 + -2 + -1). Let b = z + 12. Let v(n) = 7*n + 0 - 12*n - b + 7*n. Determine v(3).
4
Let a(f) = -7*f - 8*f**2 - 9 + 12*f**2 + 16*f + f**2 - f**3. Give a(6).
9
Let g(w) = -4*w**3 - 2 + 6*w**3 - 3*w**3 + 5*w - 6*w**2 + 5. What is g(-6)?
-27
Let u(j) = j**2 + 8*j + 2. Suppose 3 = 5*d + 4*y - 92, 4*y = -2*d + 38. Suppose -5*v - 11 = d. Calculate u(v).
-10
Let r(y) = -6*y - 178. Let i(t) = 4*t + 112. Let u(x) = -8*i(x) - 5*r(x). Let a = 1 - 7. What is u(a)?
6
Let q(r) = -3*r - 1. Let u(c) = 10*c + 4. Let v(k) = -5*q(k) - u(k). Give v(-3).
-14
Let f(d) be the third derivative of -9*d**2 + 0 + 1/6*d**3 + 5/24*d**4 + 0*d. Give f(2).
11
Let c(q) = -1 - 3 - 4 + 3 - 3*q + 3. Calculate c(-2).
4
Let z be 182/6 - 2 - (-2)/(-6). Suppose 0 = z*w - 30*w - 2. Let p(m) = -20*m + 1. Calculate p(w).
21
Let s(o) = o**3 - 26*o**2 + 23*o + 57. Let f be s(25). Let x(h) = -h + 2. What is x(f)?
-5
Let v(o) = -6*o**2 + 8*o + 5. Let l(a) = -a**2 - a + 2. Let u(r) = 5*l(r) - v(r). Give u(13).
5
Suppose 0 = w + 3, -9 = 4*d - 7*d - 2*w. Let j(g) = g**3 - 3*g**2 - 3*g + 1. Calculate j(d).
36
Suppose -7*i = 30 - 37. Suppose 0 = 2*p - p - 2*w + i, -11 = 3*p + 2*w. Let c(a) be the third derivative of a**4/24 - 2*a**3/3 + a**2. Calculate c(p).
-7
Let z(p) be the first derivative of -p**2/2 - 6*p - 39. What is z(-6)?
0
Let g(v) = -5*v - 5. Let h = -1386 + 1392. What is g(h)?
-35
Suppose a + 10 = 3*a. Let d(y) = a*y + 2*y + 5 + 8*y**2 - 2 + y**3 - 2*y**2. Suppose -3*v + 5*v - 5*k = -15, 9 = -2*v - k. Calculate d(v).
-7
Let x(a) = -a**3 + 7*a**2 - a - 4. Let n be x(7). Let w(h) be the first derivative of h**4/4 + 10*h**3/3 - 5*h**2 + 5*h - 2063. Calculate w(n).
-6
Let i(j) = 16*j**2 - 77*j**3 + 82 - 39 + 78*j**3 - 35. What is i(-16)?
8
Suppose -18 = -5*r + 2*y + y, -r - 3*y = 0. Let i(k) be the third derivative of k**6/120 - k**5/60 - k**4/8 - 14*k**2. Determine i(r).
9
Let l(t) = -t - 6. Let c = -159 + 154. What is l(c)?
-1
Let d(k) = -k**3 - 4*k**2 + 8*k + 1 + 0*k**3 + 6. Suppose -5*z - 58 = -3*z. Let x = z + 24. Give d(x).
-8
Let p(i) = -14*i**3 - 12*i**2 - 11*i - 12. Let l(b) = 5*b**3 + 4*b**2 + 4*b + 4. Let v(z) = 11*l(z) + 4*p(z). Determine v(-4).
-4
Let w(z) = -z**3 - 7*z**2 + 8*z + 7. Let t be w(-8). Let y(k) = 4*k - t - k - 4 - 4*k. What is y(-6)?
-5
Let r(j) = -j**3 + 5*j**2 - 4*j. Suppose 5*z + 14 + 16 = 0. Let v = 10 + z. Give r(v).
0
Let o(d) be the second derivative of -d**4/24 + 3*d**3/2 + 10*d**2 - 2*d. Let q(x) be the first derivative of o(x). Give q(8).
1
Let n be (-1 + 0)/((-19 - -6)/169). Let x(y) = -y**2 + 13*y + 6. Give x(n).
6
Let p be (-11 + 517/33)*(-12)/14. Suppose 5*d = -v + 4*d + 1, 3*d + 21 = 5*v. Let w(f) = -v*f - 4*f**2 - 6 + 7*f**2 + 4 + f**3. Calculate w(p).
-6
Let z(p) be the first derivative of -p**4/4 + 5*p**3/3 - 3*p**2 + 6*p - 15. Let c(u) = u + 4. Let t be c(0). Calculate z(t).
-2
Let l(d) = -12*d**2 + d. Suppose 124 = 9*a - 47. Let q be -6*(-7)/2 - 1. Let i = a - q. Determine l(i).
-13
Suppose 0 = -0*h + 4*h + 3*h. Suppose 15 = 3*f - h. Let b(p) = -p**3 + 4*p**2 + 5*p - 2. Give b(f).
-2
Let u(n) be the first derivative of 1/3*n**3 + 23 + 3/2*n**2 - 5*n. Give u(-5).
5
Let l(v) = 3*v + 4. Let b be l(-3). Let m = -1 + b. Let u(g) = -3 - 6*g + 2045*g**2 - 3*g - g**3 - 2052*g**2 - 6. What is u(m)?
9
Let o(v) = v - 3. Let b be o(4). Let h(n) be the third derivative of -5*n**4/12 + n**3/6 + 20*n**2 - 3. Give h(b).
-9
Let a = 1216 - 1211. Let r(d) = d**3 - 4*d**2 - 5*d. Calculate r(a).
0
Suppose 0 = 2*d - 4*d - 10. Let f(q) = -q**3 + 22*q**2 + 23*q + 10. Let x be f(23). Let a(s) = -x*s - 5 + 7*s - 6 + 2*s. Calculate a(d).
-6
Suppose 4*g = 5*l + 13, 39*g - 30 = 44*g + 3*l. Let y(z) = -z**2 - 3*z - 1. Calculate y(g).
-1
Let c(y) = -2*y. Let h be ((-12)/(-18))/((-6)/(-9)). Suppose f = -0*f - 3*i - 13, -5*f = -i + h. What is c(f)?
2
Let b = -3 + 6. Let i(m) = 5*m - m - m - b. Let d(v) = v**3 - 6*v**2 + 6*v - 3. Let a be d(5). What is i(a)?
3
Let h = 76 - 79. Let z(p) = -8*p**2 - p - 9*p**2 - 3 + 18*p**2. Calculate z(h).
9
Let j(z) = z**3 + 7*z**2 + z + 3. Let u be j(-7). Let n be -9*(u/(-3))/2. Let t(a) = -a**2 - 2*a - 4. Determine t(n).
-28
Let p(o) be the first derivative of o**2/2 - 46. What is p(10)?
10
Let b be 36/(-18) + 1 + -1. Let r = 3 - 0. Let o(d) = -1 - 4*d - r*d**2 - d + 3*d. Determine o(b).
-9
Let b(i) = i + 2. Let z(t) = -6*t - 6. Let s(l) = 11*b(l) + 2*z(l). Calculate s(7).
3
Suppose -2*z + 82 = -t - z, 2*t = -5*z - 157. Let c be t/(-15) + 4/(-10). Suppose -12 = -g + c*g. Let p(a) = -3*a - 4. Determine p(g).
5
Let q(t) be the second derivative of -t**5/60 - t**4/8 - 4*t**3/3 + 4*t. Let r(s) be the second derivative of q(s). What is r(-3)?
3
Let q(z) be the second de